 to base 4.
1201
Convert b05a (base 15) to base 2.
1001000101011010
Convert -94 (base 14) to base 8.
-202
What is 101101111010 (base 2) in base 13?
1450
What is -210411 (base 6) in base 14?
-62a3
Convert -3073 (base 8) to base 6.
-11215
116 (base 13) to base 14
d6
Convert -122102 (base 3) to base 8.
-726
What is -1506 (base 8) in base 12?
-59a
-4cb (base 15) to base 6
-5015
Convert 1025053 (base 6) to base 11.
34923
Convert 122100 (base 3) to base 4.
13110
Convert -304433 (base 5) to base 15.
-2e63
What is 120013 (base 5) in base 3?
20000100
Convert -14b4 (base 13) to base 4.
-233030
Convert -641 (base 10) to base 14.
-33b
Convert 137 (base 14) to base 6.
1045
What is -807 (base 9) in base 12?
-467
Convert -1bc (base 16) to base 4.
-12330
What is 111111001101 (base 2) in base 15?
12ea
What is -10120 (base 4) in base 5?
-2110
What is 22506 (base 9) in base 4?
3222033
What is 12aa (base 16) in base 12?
2922
Convert -101011 (base 2) to base 9.
-47
Convert -6a (base 13) to base 9.
-107
What is -56553 (base 7) in base 13?
-66b7
Convert 2d16 (base 15) to base 14.
3768
Convert -1365 (base 7) to base 13.
-324
What is 23253 (base 6) in base 13?
16a4
Convert 13102 (base 5) to base 6.
4431
-73b3 (base 12) to base 4
-3011313
What is 135423 (base 6) in base 3?
122200220
What is 400 (base 15) in base 5?
12100
Convert -2952 (base 10) to base 5.
-43302
What is 11001111010101 (base 2) in base 15?
3de9
What is 514 (base 16) in base 9?
1704
29924 (base 10) to base 6
350312
Convert 21257 (base 8) to base 15.
296e
What is -2a3 (base 11) in base 7?
-1015
Convert 185c2 (base 13) to base 2.
1011100000100100
-2411 (base 13) to base 6
-35312
What is 125140 (base 6) in base 13?
5313
Convert 1334 (base 5) to base 10.
219
Convert -11113 (base 4) to base 15.
-17d
Convert -3656 (base 11) to base 12.
-2924
What is 702 (base 10) in base 14?
382
Convert -2499 (base 15) to base 9.
-11620
-709 (base 13) to base 14
-612
Convert -99d (base 16) to base 10.
-2461
571 (base 8) to base 16
179
What is 10011011111 (base 2) in base 15?
582
Convert 27944 (base 13) to base 10.
74078
23b4 (base 16) to base 9
13475
-64017 (base 9) to base 3
-2011000121
-e43 (base 16) to base 15
-1136
Convert 4111 (base 7) to base 11.
108a
What is 6a3 (base 11) in base 2?
1101000111
Convert 11133 (base 4) to base 16.
15f
Convert 121010 (base 3) to base 16.
1b3
What is 9a (base 15) in base 5?
1040
-3d11 (base 15) to base 8
-31412
-352223 (base 6) to base 8
-73167
Convert 508 (base 13) to base 7.
2326
What is 2475 (base 9) in base 15?
835
What is -41412 (base 5) in base 4?
-222230
What is 1082 (base 11) in base 5?
21141
Convert b85a (base 12) to base 9.
30667
What is -536 (base 7) in base 13?
-17c
-4f (base 16) to base 6
-211
Convert 4203 (base 5) to base 4.
20221
What is 1713 (base 11) in base 12?
1328
101a (base 13) to base 16
8ac
What is 101211 (base 3) in base 14?
16c
Convert 36143 (base 8) to base 13.
7062
Convert -100132 (base 4) to base 10.
-1054
What is -10001001 (base 2) in base 6?
-345
What is 40865 (base 9) in base 4?
12211013
652 (base 10) to base 13
3b2
Convert -2cca (base 13) to base 2.
-1100110111100
325422 (base 7) to base 10
57150
What is 1121121 (base 3) in base 15?
537
-72765 (base 8) to base 12
-15585
What is 233303 (base 6) in base 8?
47347
Convert 2114041 (base 5) to base 8.
105301
Convert 4456 (base 12) to base 13.
3591
-10a3b (base 15) to base 6
-1045015
What is -1bdc (base 14) in base 5?
-130334
What is -2086 (base 9) in base 6?
-11040
What is 3367 (base 10) in base 11?
2591
-2010102 (base 3) to base 16
-60e
Convert 10107 (base 13) to base 12.
14769
-332 (base 12) to base 14
-258
What is -110132 (base 5) in base 12?
-2240
Convert 117b (base 12) to base 7.
5510
Convert 842 (base 10) to base 14.
442
Convert 1654 (base 12) to base 4.
221200
What is 3072 (base 8) in base 5?
22334
-412 (base 8) to base 4
-10022
Convert -a910 (base 14) to base 5.
-1413333
What is 443 (base 15) in base 11?
7a6
-1206 (base 7) to base 2
-110111111
What is -101134 (base 6) in base 4?
-1331302
What is -e5 (base 16) in base 6?
-1021
Convert 58f1 (base 16) to base 15.
6b2e
What is 3123 (base 4) in base 5?
1334
Convert -36453 (base 9) to base 14.
-8c8d
20d (base 14) to base 3
120000
Convert 317 (base 12) to base 2.
111000011
11011100 (base 2) to base 16
dc
What is 101011200 (base 3) in base 15?
22e6
Convert 10100100000 (base 2) to base 14.
69a
3c26 (base 15) to base 16
323d
-2a08 (base 12) to base 2
-1001100101000
-5622 (base 8) to base 2
-101110010010
Convert -13705 (base 11) to base 3.
-222201201
Convert 23c (base 13) to base 6.
1445
-2233303 (base 4) to base 5
-330001
-54250 (base 7) to base 2
-11010011000110
-102103 (base 6) to base 7
-33021
Convert 113105 (base 6) to base 13.
459b
101201 (base 4) to base 3
1112112
What is 11211 (base 4) in base 8?
545
What is 129 (base 10) in base 16?
81
What is -22200 (base 3) in base 6?
-1030
What is 4ff (base 16) in base 14?
675
What is -110101101 (base 2) in base 5?
-3204
Convert -2121202 (base 4) to base 10.
-9826
8749 (base 15) to base 8
67744
-2030 (base 7) to base 11
-593
Convert 748 (base 9) to base 13.
380
110010010010 (base 2) to base 11
2466
Convert 1392 (base 13) to base 10.
2823
Convert -25a7 (base 12) to base 13.
-1c60
What is 773 (base 8) in base 6?
2203
102330 (base 6) to base 9
12380
Convert -316 (base 10) to base 2.
-100111100
What is 111110012 (base 3) in base 13?
4604
What is 52461 (base 7) in base 12?
7596
-2568 (base 13) to base 15
-18a0
-1624 (base 11) to base 14
-a8b
-2252 (base 8) to base 13
-70b
Convert -10a60 (base 15) to base 9.
-80580
What is 14010 (base 5) in base 11?
938
1354 (base 9) to base 12
711
Convert 4152 (base 8) to base 10.
2154
What is 18a3 (base 11) in base 16?
96c
What is -420 (base 7) in base 8?
-322
-2bb (base 16) to base 14
-37d
-3311230 (base 4) to base 9
-23511
What is 24388 (base 12) in base 2?
1011111100011000
What is 2d7 (base 16) in base 15?
337
What is -113 (base 4) in base 6?
-35
What is 4550 (base 6) in base 4?
100302
Convert 1590 (base 10) to base 3.
2011220
c5b (base 15) to base 12
1742
What is 2232 (base 5) in base 14?
189
What is -475 (base 9) in base 7?
-1100
Convert 1b75 (base 15) to base 4.
1131020
Convert -14b0 (base 12) to base 13.
-1155
301013 (base 4) to base 15
de8
Convert -22200221 (base 4) to base 13.
-16796
Convert 14124 (base 5) to base 4.
102030
What is -313022 (base 4) in base 8?
-6712
1664 (base 11) to base 4
201033
-330222 (base 4) to base 11
-2a0a
What is -2812 (base 11) in base 7?
-13423
-63 (base 12) to base 7
-135
-62756 (base 9) to base 6
-515510
Convert 1313 (base 8) to base 9.
874
Convert -2511 (base 6) to base 4.
-21223
Convert 16191 (base 10) to base 6.
202543
What is 17251 (base 10) in base 4?
10031203
What is -610 (base 9) in base 3?
-200100
-aed (base 15) to base 7
-10132
Convert 132365 (base 7) to base 15.
7595
11202000 (base 3) to base 4
312000
Convert 616 (base 9) to base 4.
13311
What is -12c2 (base 14) in base 6?
-23150
What is 222 (base 8) in base 11?
123
4601 (base 10) to base 16
11f9
Convert -21121 (base 3) to base 10.
-205
-150 (base 11) to base 14
-c8
26ab (base 16) to base 6
113455
Convert -167 (base 8) to base 14.
-87
Convert 1275 (base 11) to base 15.
755
333013 (base 4) to base 13
1ab9
What is -b034 (base 12) in base 11?
-13347
-1770 (base 11) to base 16
-8cf
What is -2037 (base 15) in base 5?
-204202
Convert -101111100 (base 2) to base 9.
-462
What is -1647 (base 9) in base 2?
-10011101010
What is 7049 (base 11) in base 9?
13761
What is -365 (base 13) in base 16?
-24e
What is -27a (base 13) in base 8?
-667
Convert -562 (base 11) to base 9.
-827
2305 (base 6) to base 13
32c
-332254 (base 6) to base 16
-6c6a
Convert -210 (base 6) to base 12.
-66
What is 261 (base 15) in base 14?
2a9
21433 (base 13) to base 15
12bc7
1207 (base 9) to base 16
382
Convert -43333 (base 5) to base 7.
-11440
What is -35512 (base 6) in base 14?
-1c44
-27357 (base 8) to base 16
-2eef
What is -20123 (base 4) in base 3?
-201222
What is 1359 (base 13) in base 2?
101011011010
Convert -59b (base 16) to base 12.
-9b7
What is 334420 (base 5) in base 8?
27124
300 (base 6) to base 4
1230
-c9 (base 13) to base 11
-140
Convert 4899 (base 10) to base 11.
3754
17778 (base 11) to base 12
124a2
What is 1077 (base 1